t of 8730?
0
What is the tens digit of 3395?
9
What is the units digit of 141921?
1
What is the units digit of 1049?
9
What is the hundreds digit of 3304?
3
What is the thousands digit of 3550?
3
What is the hundreds digit of 955?
9
What is the hundreds digit of 754?
7
What is the hundreds digit of 1377?
3
What is the thousands digit of 1996?
1
What is the thousands digit of 1389?
1
What is the hundreds digit of 1406?
4
What is the ten thousands digit of 27261?
2
What is the hundreds digit of 18203?
2
What is the thousands digit of 4310?
4
What is the ten thousands digit of 37070?
3
What is the thousands digit of 2088?
2
What is the tens digit of 101?
0
What is the units digit of 945?
5
What is the tens digit of 839?
3
What is the thousands digit of 13752?
3
What is the hundreds digit of 6596?
5
What is the units digit of 159450?
0
What is the units digit of 47506?
6
What is the hundreds digit of 598?
5
What is the tens digit of 1513?
1
What is the tens digit of 312?
1
What is the hundreds digit of 1840?
8
What is the tens digit of 56910?
1
What is the thousands digit of 5073?
5
What is the hundreds digit of 10540?
5
What is the units digit of 1981?
1
What is the tens digit of 1084?
8
What is the units digit of 4770?
0
What is the units digit of 324?
4
What is the hundreds digit of 2928?
9
What is the units digit of 1489?
9
What is the tens digit of 11890?
9
What is the hundreds digit of 91723?
7
What is the units digit of 99283?
3
What is the hundreds digit of 4333?
3
What is the thousands digit of 97506?
7
What is the tens digit of 8877?
7
What is the hundreds digit of 793?
7
What is the units digit of 7285?
5
What is the ten thousands digit of 46034?
4
What is the tens digit of 929?
2
What is the hundreds digit of 20013?
0
What is the tens digit of 11653?
5
What is the ten thousands digit of 49272?
4
What is the hundreds digit of 24585?
5
What is the thousands digit of 14969?
4
What is the units digit of 3065?
5
What is the tens digit of 85932?
3
What is the units digit of 174638?
8
What is the units digit of 482?
2
What is the hundreds digit of 938?
9
What is the hundreds digit of 287?
2
What is the tens digit of 1759?
5
What is the hundreds digit of 658?
6
What is the tens digit of 823?
2
What is the units digit of 50391?
1
What is the hundreds digit of 126638?
6
What is the tens digit of 1073?
7
What is the hundreds digit of 1755?
7
What is the thousands digit of 116981?
6
What is the hundreds digit of 1133?
1
What is the ten thousands digit of 24744?
2
What is the tens digit of 4986?
8
What is the tens digit of 15084?
8
What is the hundreds digit of 19134?
1
What is the hundreds digit of 5964?
9
What is the tens digit of 10468?
6
What is the thousands digit of 45984?
5
What is the tens digit of 3696?
9
What is the thousands digit of 6041?
6
What is the units digit of 920?
0
What is the thousands digit of 33783?
3
What is the tens digit of 117717?
1
What is the units digit of 155924?
4
What is the tens digit of 17073?
7
What is the hundreds digit of 3762?
7
What is the thousands digit of 2550?
2
What is the thousands digit of 4922?
4
What is the tens digit of 3948?
4
What is the hundreds digit of 1875?
8
What is the tens digit of 104565?
6
What is the thousands digit of 31245?
1
What is the thousands digit of 1587?
1
What is the units digit of 10021?
1
What is the ten thousands digit of 10583?
1
What is the tens digit of 1225?
2
What is the thousands digit of 1549?
1
What is the units digit of 2175?
5
What is the thousands digit of 40717?
0
What is the ten thousands digit of 30007?
3
What is the hundreds digit of 28616?
6
What is the ten thousands digit of 32259?
3
What is the thousands digit of 6431?
6
What is the hundreds digit of 2666?
6
What is the units digit of 18160?
0
What is the tens digit of 2344?
4
What is the tens digit of 38330?
3
What is the hundreds digit of 679?
6
What is the tens digit of 1211?
1
What is the tens digit of 1797?
9
What is the thousands digit of 73685?
3
What is the hundreds digit of 86225?
2
What is the hundreds digit of 20225?
2
What is the units digit of 5210?
0
What is the tens digit of 2657?
5
What is the ten thousands digit of 24363?
2
What is the tens digit of 242?
4
What is the ten thousands digit of 82770?
8
What is the units digit of 2069?
9
What is the units digit of 241?
1
What is the tens digit of 4885?
8
What is the units digit of 1200?
0
What is the hundreds digit of 1042?
0
What is the ten thousands digit of 14654?
1
What is the hundreds digit of 19592?
5
What is the units digit of 290?
0
What is the tens digit of 2784?
8
What is the hundreds digit of 17635?
6
What is the units digit of 4094?
4
What is the units digit of 152?
2
What is the hundreds digit of 12489?
4
What is the units digit of 1146?
6
What is the thousands digit of 10403?
0
What is the tens digit of 41815?
1
What is the units digit of 852?
2
What is the tens digit of 1698?
9
What is the tens digit of 5701?
0
What is the thousands digit of 75242?
5
What is the units digit of 2786?
6
What is the units digit of 470?
0
What is the tens digit of 365?
6
What is the hundreds digit of 741?
7
What is the tens digit of 1498?
9
What is the units digit of 226?
6
What is the ten thousands digit of 64127?
6
What is the hundreds digit of 2461?
4
What is the hundreds digit of 1176?
1
What is the hundreds digit of 809?
8
What is the thousands digit of 22279?
2
What is the units digit of 1532?
2
What is the units digit of 13690?
0
What is the hundreds digit of 1095?
0
What is the hundreds digit of 9686?
6
What is the hundreds digit of 15522?
5
What is the thousands digit of 9101?
9
What is the hundreds digit of 2058?
0
What is the tens digit of 2217?
1
What is the units digit of 124570?
0
What is the tens digit of 55?
5
What is the hundreds digit of 9912?
9
What is the tens digit of 49368?
6
What is the hundreds digit of 494?
4
What is the thousands digit of 33292?
3
What is the units digit of 1454?
4
What is the hundreds digit of 715?
7
What is the units digit of 111?
1
What is the hundreds digit of 56617?
6
What is the thousands digit of 3711?
3
What is the tens digit of 399?
9
What is the hundreds digit of 638?
6
What is the units digit of 2383?
3
What is the hundreds digit of 1554?
5
What is the hundreds digit of 87064?
0
What is the thousands digit of 18471?
8
What is the units digit of 464?
4
What is the hundreds digit of 297?
2
What is the units digit of 23765?
5
What is the tens digit of 232?
3
What is the units digit of 3?
3
What is the hundreds digit of 6377?
3
What is the hundreds digit of 120046?
0
What is the units digit of 2645?
5
What is the ten thousands digit of 10150?
1
What is the units digit of 1972?
2
What is the ten thousands digit of 42968?
4
What is the units digit of 3294?
4
What is the hundreds digit of 70455?
4
What is the tens digit of 318?
1
What is the tens digit of 2382?
8
What is the hundreds digit of 1051?
0
What is the thousands digit of 3492?
3
What is the thousands digit of 25260?
5
What is the tens digit of 208?
0
What is the units digit of 108825?
5
What is the hundreds digit of 4388?
3
What is the thousands digit of 3294?
3
What is the tens digit of 36198?
9
What is the tens digit of 714?
1
What is the units digit of 11256?
6
What is the ten thousands digit of 160837?
6
What is the units digit of 214?
4
What is the hundreds digit of 3111?
1
What is the tens digit of 51182?
8
What is the hundred thousands digit of 122785?
1
What is the units digit of 96?
6
What is the tens digit of 20498?
9
What is the tens digit of 20031?
3
What is the ten thousands digit of 19156?
1
What is the units digit of 5902?
2
What is the tens digit of 15223?
2
What is the tens digit of 2226?
2
What is the thousands digit of 1788?
1
What is the units digit of 5548?
8
What is the tens digit of 923?
2
What is the thousands digit of 2733?
2
What is the ten thousands digit of 151746?
5
What is the tens digit of 5925?
2
What is the units digit of 27073?
3
What is the tens digit of 1223?
2
What is the units digit of 10871?
1
What is the units digit of 156?
6
What is the tens digit of 1057?
5
What is the hundreds digit of 2563?
5
What is the hundreds digit of 37327?
3
What is the thousands digit of 1691?
1
What is the units digit o